the highest common divisor of r and p.
12
Let x = -11 - -16. Suppose u - 16 = -3*y - x, u = 2*y + 6. Let d = u - -2. Calculate the greatest common factor of 15 and d.
5
Suppose 0 = -4*k + 59 + 1. Let x be 3/12 - k/(-4). Let l = 6 - x. What is the greatest common factor of l and 10?
2
Suppose -y - 3*v + 31 = -6*v, y = -4*v + 3. Suppose -278 + 734 = 12*o. Calculate the highest common divisor of y and o.
19
Let n = -833 - -852. What is the greatest common divisor of n and 551?
19
Suppose 3*w - 35 = -2*w. Suppose 4*a + 29 = m + 27, 4*a = -m + 26. Calculate the greatest common factor of w and m.
7
Let r = 11 + 24. Suppose g - r = -4*g. What is the greatest common factor of g and 112?
7
Let n be 38/3 - 1/(21/(-7)). What is the greatest common factor of n and 26?
13
Suppose 0 = 5*m - 11 + 26. Let s(h) = -16*h - 10. Let u be s(m). Calculate the greatest common factor of u and 2.
2
Let k be 3/(-18) - (-2)/24*2. Suppose h - 80 + 10 = k. Suppose 0 = -4*s + p + 107, 4*p = -2*s + 5*p + 51. Calculate the greatest common factor of s and h.
14
Suppose -3*p = 0, 3*n + 2*p = 4*n - 35. Let t = n + 20. Calculate the greatest common factor of 22 and t.
11
Suppose 112 = -5*k + 37. Let c = k - -63. Let o be 39/7 - (-90)/210. Calculate the greatest common factor of c and o.
6
Suppose -84 + 624 = 9*q. What is the highest common factor of 96 and q?
12
Let p be (-42)/(-8) + -3*4/48. Let n(g) = -29*g. Let w be n(-1). Let d = -14 + w. Calculate the greatest common divisor of d and p.
5
Let w(v) = -v**3 + 25*v**2 + 26*v + 14. Let p be w(26). Let k = -78 - -232. What is the highest common divisor of k and p?
14
Suppose -4 = -4*i + 2*y, 4*i + y = 5*y - 4. What is the highest common factor of 4 and i?
1
Suppose 34*u + 15642 = 56*u. Calculate the greatest common factor of 9 and u.
9
Let u = 27 - -20. Let q be u + -15 + (1 - 3). What is the highest common factor of q and 12?
6
Suppose -12*n + 107 - 35 = 0. Calculate the greatest common factor of 7 and n.
1
Let l be 273/(-6)*(1 + -63). Let f be ((-2)/(-2))/(13/l). Suppose 0 = c, -4*s = -4*c - f - 83. What is the greatest common divisor of 15 and s?
15
Let t be (50 - -4) + 1/1. Suppose -i = -g - 107, -g = -4 + 1. Suppose 5*z + 88 = 4*w, -3*w - 2*w + i = 2*z. Calculate the greatest common divisor of t and w.
11
Suppose 54*b - 12640 = 40496. Calculate the greatest common divisor of 82 and b.
82
Let r(f) = f**3 - 2*f**2 + f + 4. Let i be r(4). Suppose -4*n = -4*v - 76, 2*n + v + 5 - i = 0. What is the greatest common factor of 72 and n?
18
Let q(w) = 42*w - 209. Let t be q(11). Suppose -3*a = -38 - 31. What is the greatest common divisor of a and t?
23
Let g(n) = -9*n**2 - n - 1. Let v be g(-1). Let s = 35 + v. Calculate the highest common factor of s and 13.
13
Let i(g) = 2*g**2 + 5*g - 2. Let f = -20 + 14. Let h be i(f). Let d be (-1)/(h/(-13) + 3). Calculate the greatest common factor of 52 and d.
13
Let n(j) = -j**2 - 5*j - 12. Let z be n(-5). Let g be 6/4*2 - z. Let i be 75 + (g/(-3) - -2). Calculate the highest common divisor of 8 and i.
8
Let n be ((-1)/(-6))/((-15)/(-180)). Suppose -70 = -8*g - 6. Calculate the highest common factor of n and g.
2
Let s(w) = -13*w + 4. Let g be s(-5). Let p(d) = -d**3 + 7*d**2 - d + 6. Let l be p(6). Let j = g - l. Calculate the highest common factor of j and 11.
11
Suppose 0 = j - 4*j. Suppose -3*s + 15 = 0, 3*p + 6*s = 5*s + 17. Suppose 5 = n - w, -3*w + 41 = -j*n + p*n. Calculate the highest common factor of n and 64.
8
Let d be (-305)/(-3) - (-7)/((-63)/6). Let z = d - 77. What is the greatest common factor of z and 216?
24
Suppose 0 = 3*q - 299 + 65. What is the highest common factor of q and 12?
6
Let z = -270 - -865. Calculate the highest common divisor of z and 35.
35
Let p be 6/((-24)/(-7)) + (-2)/(-8). Suppose -a + r - 1 = -p*r, 4*a + 4*r = 44. Calculate the greatest common divisor of a and 4.
4
Let o = -243 - -353. What is the highest common divisor of 10 and o?
10
Let c(l) = -l**2 - 3*l - 2. Let t be c(-4). Let q be 27 + 2/t*0. Let i be ((-23)/69)/(2/(-108)). Calculate the highest common factor of i and q.
9
Suppose -26 - 1 = -27*o. Let r(u) = -u**3 + 5*u**2 + 3*u - 2. Let f be r(5). Calculate the highest common divisor of f and o.
1
Let h be 28/(-7) + (-4)/(12/(-981)). Calculate the highest common factor of h and 38.
19
Let y(q) be the second derivative of -2*q**3/3 - 3*q**2/2 - 5*q. Let t be y(-2). Let j be (-11 + t)*2/(-6). What is the greatest common divisor of j and 2?
2
Suppose l = 4*h - 878, -l = h + l - 215. What is the highest common factor of 3 and h?
3
Suppose -2*r = 4*u - 32, -2*u + 0 = -2*r + 2. What is the highest common divisor of r and 54?
6
Let x(p) = 2*p**3 - p**2 + 3*p - 10. Let j be x(4). Let h = 168 - j. What is the highest common divisor of h and 81?
27
Suppose -n = -z - 15, -n + 237*z = 234*z - 3. Let o be (2/(-4))/(2/(-28)). Calculate the greatest common divisor of n and o.
7
Let x(c) = -c**3 + 4*c**2 + 4*c + 5. Let r be x(-2). Let f = r + 124. Suppose 0 = 2*p - 6*p + 232. What is the greatest common factor of f and p?
29
Let m be (-4)/(8/(-6)) - 3. Suppose 3*z - 58 = -5*u, m*u + 32 = 3*u - z. Suppose -g + 2*g - 22 = 0. Calculate the highest common divisor of g and u.
11
Let r(u) = u**3 + u**2 - u + 2. Let x be r(0). Let y = x + 0. Let w = 15 + -13. What is the greatest common divisor of y and w?
2
Let p(c) = -3*c**3 - 33*c**2 - 3*c - 26. Let r be p(-11). Let j = 0 + 1. What is the greatest common divisor of j and r?
1
Let x be ((-14)/(-4))/(3/222). Let i be (115 + -4)*(-2)/(-6). Calculate the greatest common factor of x and i.
37
Let b be (480/(-3))/(3 - 5). Calculate the highest common factor of b and 32.
16
Let t(u) = -36*u - 72. Let n be t(-27). Calculate the highest common factor of n and 12.
12
Let r be 25*(-4 - -3)*-38. Calculate the highest common factor of 38 and r.
38
Let a = -1427 + 1434. Let v = 122 + -10. Suppose 0*i - 168 = -3*q + i, -5*i = -2*q + v. Calculate the greatest common factor of q and a.
7
Let h(k) = -k**3 - 8*k**2 - k - 8. Let p be h(-8). Suppose p = -v - 2, 92 + 42 = 3*i - 4*v. Let r = 617 + -603. Calculate the greatest common factor of r and i.
14
Suppose 0 = -g - 2*p + 161, -26*g + 644 = -22*g - p. Calculate the greatest common divisor of g and 46.
23
Let p be 5 + (25 + -11)/(-7). What is the highest common divisor of 507 and p?
3
Suppose 40 = -10*g - 0*g. Let n(m) = -15*m - 2 - 14*m - 4. Let t be n(g). What is the highest common divisor of t and 44?
22
Let l(q) = 3*q + 90. Let h be l(-12). What is the greatest common divisor of h and 4?
2
Let g be -5 + 2 + 2 - 4. Let c = g - -19. Suppose 0 = -26*h + 155 + 27. Calculate the highest common divisor of h and c.
7
Let a = 15 - -121. What is the highest common divisor of 85 and a?
17
Suppose -3*l = 2*l - 600. Calculate the highest common divisor of 40 and l.
40
Let i be ((-4)/(-22) - 1325/(-275)) + 1. What is the greatest common divisor of i and 9?
3
Suppose -2*c + 4*d = -20 - 20, -3*d - 69 = -3*c. Let u be ((-102)/4 - -2)*-2. Suppose u + 161 = 4*n. Calculate the greatest common factor of c and n.
26
Let m(g) = 528*g. Let p be m(1). Calculate the highest common divisor of 240 and p.
48
Let h(i) = -i**2 - 53*i + 706. Let d be h(-64). Suppose 3*l - 37 - 95 = 0. Let m be (-2)/8*-2*l. Calculate the greatest common factor of d and m.
2
Let a be 9/6*8/4. What is the greatest common factor of a and 21?
3
Suppose 112 = 6*k - 536. What is the greatest common factor of 12 and k?
12
Suppose -q + 2*q = 35. Let j be (8 - -1)*3/3. Suppose 4*u + 86 + q = 5*w, -w = 3*u - j. Calculate the greatest common factor of w and 105.
21
Let z = 42 - 3. Let f be 30/8*104/z. Calculate the greatest common factor of 50 and f.
10
Let r = -1589 + 1916. Calculate the greatest common factor of r and 763.
109
Let j = 21 - 16. Suppose j = 5*r - 10. Suppose 136 = r*s + 4*l - 3*l, -4*l + 16 = 0. What is the highest common divisor of s and 11?
11
Suppose -2*u + 1604 = 3*l, 2*l - 4*u = 4*l - 1064. Calculate the greatest common factor of l and 67.
67
Let f = -78 - -136. Let o(s) = -2*s**3 + s**2 - s - 1. Let q be o(-1). Suppose 28 = q*d - 59. Calculate the greatest common divisor of f and d.
29
Let q(w) = 5*w - 1. Let f be q(2). Suppose 7*n = 658 - 217. What is the greatest common factor of f and n?
9
Let l(m) = 177*m 